e of 2 + -5 + -3 + 0?
-6
Calculate -5 + (15 - 3) - 11.
-4
Calculate (2 - 3) + (-3 - -5).
1
Calculate 4 + -1 + -5 - -2.
0
What is the value of -1 - (-5 + 9 - (-2 - -4))?
-3
What is 2 + (4 - (-3 + 8))?
1
What is the value of 0 + (-4 - (6 + 5 + -10))?
-5
0 + (2 - (-3 + 3)) + 2
4
Evaluate -3 - (-1 - (-6 - (-8 + 4))).
-4
(3 - -1) + 39 + -45
-2
3 + (4 - 6 - 2) + 4
3
Calculate 18 - 0 - (16 - 6).
8
Calculate 4 - (0 - ((0 - 3) + 5)).
6
Evaluate 1 - (0 + -2) - (58 + -54).
-1
Calculate 4 - ((-5 - -5) + -1).
5
What is the value of -1 - (27 - 24 - (-1 + 1))?
-4
What is the value of 2 + (-10 - (-7 + 3))?
-4
(5 - (9 - 4)) + 2 + 1
3
What is 1 + -4 + 0 + -93 + 91?
-5
What is (1 + 0 + -8 - -3) + -2?
-6
Calculate (1 - 2 - (2 - 3)) + 1.
1
What is 0 + -2 + (8 - 4) + -2?
0
What is the value of (0 - (-2 + 1)) + 1?
2
What is the value of -5 + 4 + 8 - 10?
-3
What is the value of 10 + 14 + -10 - 10?
4
6 + (4 + 0 - (5 + 6))
-1
What is the value of -4 + -11 + (-11 - (-11 + -6))?
-9
-17 + (3 - 3) + 12
-5
Evaluate 4 + -5 - (-6 - -4).
1
Calculate -11 - -8 - (-1 + (-2 - -2)).
-2
What is the value of (-2 - -8) + -2 + (-2 - -3)?
5
What is the value of -1 - 3 - (-22 + 18)?
0
What is -3 + 2 + -4 + 2?
-3
Evaluate 3 + 0 + 1 - 11 - -1.
-6
Evaluate 1 + (14 + -5 - 5) - 5.
0
0 + 4 + (-4 - -2) + -1
1
What is the value of -5 + 3 + 10 + -4?
4
10 - (2 + 1) - (78 - 65)
-6
17 + -26 - (-2 - 3)
-4
What is the value of 4 - (6 - 10) - 5?
3
Evaluate 2 + -1 - (44 - 35).
-8
Evaluate -36 - -15 - -12 - -15.
6
2 + (-3 - (-2 - 3)) + -3
1
What is the value of -8 + 4 + (-5 - -4)?
-5
What is -2 - -1 - (-3 - 0)?
2
What is -1 + -1 + 0 + -2 + -1?
-5
What is 2 - (4 + 0 - -3 - 3)?
-2
21 + -18 + 0 + -6
-3
Evaluate 1 - (-6 - (-16 + (-3 - -8))).
-4
What is the value of -3 + 6 - (0 - (2 - 0))?
5
Calculate -7 - (-17 + 5 + 6).
-1
Calculate -5 + 0 + (20 - 18).
-3
Calculate -3 + (6 - 4) + -1 + 0.
-2
What is the value of 11 + (-21 + 5 - -12)?
7
-1 - (-1 + (3 + 2 - 4))
-1
What is the value of (5 + 4 - 7) + 0 + 5?
7
What is 12 + -27 + 5 - 0?
-10
Calculate 2 + -4 + 3 - -1.
2
What is the value of (99 - 103) + (0 - -5)?
1
What is the value of 1 + 4 + -7 + 4?
2
Calculate -4 - -17 - 8 - 8.
-3
What is -5 + 1 - (22 + -22)?
-4
(1 - (-4 + 15 + -4)) + 0
-6
Calculate (0 - 4) + -4 + 4 + -1.
-5
-1 + (-4 + -1 + 1 - -1)
-4
(1 - (-3 + 8)) + 8 - 2
2
0 + -1 - (23 + -25)
1
-4 - (-33 - -37 - (5 + 0))
-3
What is -1 - (-7 + 12) - -7?
1
What is the value of (3 - (-2 + 4)) + (56 - 53)?
4
Calculate -2 - -8 - ((-2 - -4) + -3).
7
Evaluate -4 + 3 + -6 - (26 + -25).
-8
What is -2 - (-7 + 5 + -3) - 2?
1
What is 2 - ((-7 - -2) + 2 - -3)?
2
Calculate 6 - (-4 + 3 + 6 + -3).
4
What is -15 - (-6 + (-4 - -1))?
-6
Evaluate -2 - (2 + -1 + -6).
3
What is (-4 - 1) + (-2 - -6) + -2?
-3
What is the value of (1 - 0) + -5 + (-24 - -28)?
0
Calculate (4 - 0) + (-7 - -3).
0
What is the value of 0 + -1 + 6 + -6?
-1
Evaluate (13 - 5) + -3 + (-2 - -1).
4
(11 - 14) + (5 - 2) - 0
0
Evaluate -4 + -1 + -1 + 7 + -5.
-4
(3 - (16 + -13)) + -1 + 1
0
What is the value of 6 + (0 - (4 + -3))?
5
Evaluate -1 - (-21 + 25 + (1 - 2)).
-4
What is -4 - 1 - (-1 + -5)?
1
2 - (-1 + 0 + 3 - 5)
5
Evaluate -3 + (-2 - -6) + 0 - 0.
1
Calculate -2 - (6 + -22 - (-12 + 6)).
8
What is (-10 - -14) + -6 + 0?
-2
Evaluate (-3 - -2) + 4 + -8.
-5
Calculate 1 + -6 + 6 + 2.
3
What is the value of 101 + -106 + (2 - (1 - 2))?
-2
Calculate 2 + 2 + (2 - (-2 + 10)).
-2
Evaluate -1 + 2 + (-12 - -11).
0
What is the value of (9 - 4) + (-6 - -4) + -2?
1
What is 0 - (0 - (-3 + 2))?
-1
Evaluate 2 + -7 - (-4 + 2) - -4.
1
Evaluate 1 + -2 + (4 - 7 - -4).
0
-6 + 12 + -9 - 1
-4
Evaluate (-11 - -5) + (7 - -1).
2
What is 2 + (7 - (4 - 2 - 0))?
7
Evaluate (1 - -4) + -8 + 1.
-2
What is 3 - (4 + -1 - -4)?
-4
What is 10 - (15 + -7 + 0)?
2
What is (42 - 32) + (-10 - -1)?
1
What is 5 - -5 - 8 - -2?
4
Calculate (-1 - 1) + (-40 - -38) + 2.
-2
38 + -34 - (-1 - -1)
4
What is -18 - -27 - (2 + 3 + 0)?
4
Evaluate 4 + 0 + 1 - 10.
-5
What is 9 + -5 + -9 + 11?
6
What is -1 - (0 - -2) - (-19 + 13)?
3
Evaluate 0 - (0 - 2) - -3 - 0.
5
Calculate 2 - 3 - (2 + -11 - -13).
-5
What is the value of 2 - (-8 - (-3 + -2))?
5
-11 + 10 + 4 + -5
-2
Calculate 1 + 8 - (-4 - -8).
5
What is -2 + (0 + 5 + -13 - -5)?
-5
Calculate (42 - 42) + (1 - (-1 - 3)).
5
-1 - (-5 + 5) - -1
0
-4 + 4 + -5 - -8
3
What is -4 - (-14 - (-11 - -10))?
9
Calculate 0 + 0 + 1 + -3 + -3.
-5
Calculate 0 + -4 + 2 + 1.
-1
Calculate -5 + (1 - -3 - 0) + 3.
2
Calculate -21 + (8 - -2) - (-2 - 4).
-5
What is the value of 3 - (1 + (-2 - -3) + 1)?
0
0 + 2 + -6 + 2 + 1
-1
What is (0 - (-2 + 5)) + 6?
3
Evaluate (1 - 0 - 0) + (30 - 35).
-4
Evaluate (1 - -1) + -2 + -1.
-1
Evaluate 6 + 2 + (-7 - 0).
1
1 + -1 + (9 + -16 - -5)
-2
What is (-3 - (0 - -2)) + 113 + -104?
4
What is the value of 3 + -8 + 6 + (-9 - -4)?
-4
What is (-9 - -1) + 7 + 10?
9
Calculate -3 + -4 - (0 - 2).
-5
What is the value of -4 - (0 + 0 + 0 + -3)?
-1
Calculate (14 - (7 + 9)) + (0 - 1).
-3
What is the value of (3 + 0 + -3 - -4) + -7?
-3
-4 + 3 - (-3 + 1 - 0)
1
What is 13 + (2 - (7 - 1))?
9
What is 2 - -5 - 19 - -5?
-7
-5 - (-26 + 3 + 11)
7
(-7 - -1) + 2 - -4
0
1 + -4 - (-5 + -2 + 6)
-2
-33 + (5 - -15) - (1 - 9)
-5
What is the value of -2 - (0 + -8) - 4?
2
Calculate (-10 - -1 - (-65 + 64)) + 4.
-4
What is the value of 9 + -18 + (1 - (2 - 4))?
-6
Evaluate 3 - (-3 - -6) - (15 - 14).
-1
Calculate (3 - 3 - 3) + (0 - -3).
0
What is -3 - (4 + -2 - 3)?
-2
(4 - 4) + (-6 - -9)
3
What is the value of 1 + 11 + -7 - (-2 - -2)?
5
Calculate -9 + 14 + -10 - -8.
3
Calculate 4 + 1 - (1 + 1 + -2).
5
Evaluate -8 + 9 + -6 + 5 + -3.
-3
What is (-6 - (-15 + (0 - -6))) + -6?
-3
What is -8 - (-5 - (-3 + 7 + -4))?
-3
Calculate 38 + -41 - (-3 - (0 - -1)).
1
12 + -11 + -7 - -16
10
Evaluate (-12 - -11) + 0 + 2 + -2.
-1
Calculate -5 + -2 + 7 - -7 - 13.
-6
2 + (-3 - -4) - 4
-1
Calculate (5 + (2 - 1) - 14) + 3.
-5
What is 3 + (1 - 2) + -2 + 0?
0
1 + -5 + -24 + 23
-5
-2 + (8 - 8) + 4
2
Evaluate 15 + -19 + (15 - 15).
-4
Evaluate -9 - -10 - (0 + 6 + -1).
-4
What is (3 - (-5 - -10)) + -2?
-4
(0 + 3 - 3) + 1 + 0
1
5 + -5 - (0 - -2)
-2
What is -13 + (14 - -3) - 10?
-6
Evaluate (1 - 11) + 3 + -1 + 7.
-1
Evaluate 5 + (-34 - -14 - -5).
-10
What is (1 - 0) + (-5 - -3) + 2?
1
What is the value of 9 + 1 + -6 + 1?
5
(1 - 0 - 4) + (65 - 65)
-3
What is the value of 7 - 1 - (1 + 4)?
1
Calculate 0 + 2 - (5 + -3 + 2).
-2
Evaluate 1 + (6 - 15 - -4).
-4
What is the value of (-1 - (-3 - (-4 - -1))) + 4?
3
What is the value of 4 + 2 + -3 + -6?
-3
Evaluate 2 + 2 - (5 - 1) - -4.
4
Calculate (4 + 4 - 7) + 6.
7
Calculate -6 - -7 - (3 - (-1 - 1)).
-4
What is the value of -2 + 0 + (2 - -1)?
1
What is the value of (-4 - (10 - 6)) + 8?
0
What is the value of -1 + 1 - (18 - 18)?
0
Evaluate (-2 - -3) + 5 - 2.
4
Evaluate -7 + (-8 - -8) + -1.
-8
-3 + 1 + (-13 - -13)
-2
0 - 0 - 3 - (-16 + 8)
5
What is (-1 - 2 - 0) + 7?
4
Calculate -4 - (7 + -15 + 2) - 9.
-7
Evaluate (1 - 4 - 2) + 12 - 2.
5
What is 76 + -83 - (-13 + 0)?
6
What is the value of -2 + 8 + -2 + -3 + 2?
3
Evaluate -2 + (2 - 4 - -3).
-1
Calculate 1 + -5 - (-4 - 3 - 2).
5
2 + 0 + (30 - 27)
5
What is (5 + -5 - -6) + -4 + 1?
3
Calculate (-7 - (-14 - -5)) + (1 - 1).
2
Calculate -4 + (3 - -1 - 5).
-5
Evaluate (0 + 2 - 8) + 3 + 0.
-3
What is the value of (-1 - -8) + -5 + -4 + 7?
5
What is the value of 4 - (2 - 2) - 0?
4
What is the value of 4 + 2 + -5 + 0?
1
Evaluate 3 + -4 + 4 - (3 + -1).
1
What is the value of (3 - -3) + (-6 - (3 - 7))?
4
1 + 3 + -8 + -1
-5
What is the value of (2 + -3 - 6 - -3) + 10?
6
Evaluate 0 + 2 + 2 + (-4 - -4).
4
Evaluate 2 - (-2 + 2 + 3).
-1
-3 - (2 - ((-2 - 2) + 9))
0
(-2 - -1) + 8 + -9 + 3
1
What is the value of (-3 - (0 + 1)) + 1?
-3
-7 + (4 - -8) - 3
2
What is the value of (4 - 0) + -8 + 0 - -5?
1
What is (0 - 0) + -7 + 2?
-5
Evaluate 9 + (-2 - (4 + -4)) - 3.
4
Calculate (-3 - (-8 + -2) - 3) + -4.
0
Calculate -2 + 8 + (-8 - -7).
5
Calculate 13 + -11 - (-4 + -2).
8
Evaluate -2 + -10 + (-5 - -11).
-6
What is the value of 8 + -11 + (0 - -7)?
4
What is -9 + (-10 - -26) + -7?
0
(-1 - 6) + (-48 - -58)
3
5 - (11 + -4 + (-3 - -2))
-1
-8 - -4 - -1 - (-3 + 2)
-2
Evaluate 14 - 17 - (0 + 0).
-3
What is the value of 10 - (-6 + 11) - (0 + 4)?
1
What is the value of 73 + -87 + (8 + -1 - 1)?
-8
Calculate 2 + (2 - 0) + -4.